{"id":1124,"date":"2017-04-17T10:45:39","date_gmt":"2017-04-17T07:45:39","guid":{"rendered":"http:\/\/www.ozkaralar.com\/iplik\/?page_id=1124"},"modified":"2017-05-23T19:12:52","modified_gmt":"2017-05-23T16:12:52","slug":"urunlerimiz","status":"publish","type":"page","link":"http:\/\/www.ozkaralar.com\/iplik\/urunlerimiz\/","title":{"rendered":"\u00dcr\u00fcnler"},"content":{"rendered":"<div id=\"pl-1124\"  class=\"panel-layout\" ><div id=\"pg-1124-0\"  class=\"panel-grid panel-no-style\" ><div id=\"pgc-1124-0-0\"  class=\"panel-grid-cell\" ><div id=\"panel-1124-0-0-0\" class=\"so-panel widget widget_sow-editor panel-first-child panel-last-child\" data-index=\"0\" ><div class=\"so-widget-sow-editor so-widget-sow-editor-base\">\n<div class=\"siteorigin-widget-tinymce textwidget\">\n\t<ul>\n<li class=\"contentheading\">\n<h3>Mono Color Frize Yarn<\/h3>\n<\/li>\n<li>\n<h3>Mono Color Heatset Yarn<\/h3>\n<\/li>\n<li>\n<h3>Tricolor CPC Frize Yarn<\/h3>\n<\/li>\n<li>\n<h3>Tricolor CPC Heatset Yarn<\/h3>\n<\/li>\n<li>\n<h3>Tricolor Frize Yarn<\/h3>\n<\/li>\n<li>\n<h3>Tricolor Heatset Yarn<\/h3>\n<hr \/>\n<table class=\"alignleft\" style=\"height: 131px; width: 339px; border-color: #ffffff; background-color: #a6221f;\" border=\"1\" cellspacing=\"5px\" cellpadding=\"5px\">\n<caption>\u00a0<\/caption>\n<tbody>\n<tr style=\"height: 25px;\">\n<td style=\"width: 170px; height: 25px; color: #ffffff;\"><strong>\u00a0\u0130PL\u0130K KALINLI\u011eI<\/strong><\/td>\n<td style=\"width: 157px; height: 25px; color: #ffffff;\">\u00a0900-6000 DTEX<\/td>\n<\/tr>\n<tr style=\"height: 26px;\">\n<td style=\"width: 170px; height: 26px; color: #ffffff;\"><strong>\u00a0FLAMENT SAYISI<\/strong><\/td>\n<td style=\"width: 157px; height: 26px; color: #ffffff;\">\u00a090-460 Aras\u0131<\/td>\n<\/tr>\n<tr style=\"height: 26px;\">\n<td style=\"width: 170px; height: 26px; color: #ffffff;\"><strong>\u00a0B\u00dcK\u00dcM SAYISI<\/strong><\/td>\n<td style=\"width: 157px; height: 26px; color: #ffffff;\">\u00a060-300<\/td>\n<\/tr>\n<tr style=\"height: 26.0312px;\">\n<td style=\"width: 170px; height: 26.0312px; color: #ffffff;\"><strong>\u00a0B\u00dcK\u00dcM Y\u00d6N\u00dc<\/strong><\/td>\n<td style=\"width: 157px; height: 26.0312px; color: #ffffff;\">\u00a0S\/Z<\/td>\n<\/tr>\n<\/tbody>\n<\/table>\n<\/li>\n<\/ul>\n<\/div>\n<\/div><\/div><\/div><div id=\"pgc-1124-0-1\"  class=\"panel-grid-cell\" ><div id=\"panel-1124-0-1-0\" class=\"so-panel widget widget_sow-editor panel-first-child panel-last-child\" data-index=\"1\" ><div class=\"so-widget-sow-editor so-widget-sow-editor-base\">\n<div class=\"siteorigin-widget-tinymce textwidget\">\n\t<div id='gallery-1' class='gallery galleryid-1124 gallery-columns-2 gallery-size-large'><figure class='gallery-item'>\n\t\t\t<div class='gallery-icon landscape'>\n\t\t\t\t<a href='http:\/\/www.ozkaralar.com\/iplik\/wp-content\/uploads\/2017\/04\/ozkrlr16-copy.jpg'><img width=\"1024\" height=\"683\" src=\"http:\/\/www.ozkaralar.com\/iplik\/wp-content\/uploads\/2017\/04\/ozkrlr16-copy-1024x683.jpg\" class=\"attachment-large size-large\" alt=\"\" loading=\"lazy\" srcset=\"http:\/\/www.ozkaralar.com\/iplik\/wp-content\/uploads\/2017\/04\/ozkrlr16-copy-1024x683.jpg 1024w, http:\/\/www.ozkaralar.com\/iplik\/wp-content\/uploads\/2017\/04\/ozkrlr16-copy-300x200.jpg 300w, http:\/\/www.ozkaralar.com\/iplik\/wp-content\/uploads\/2017\/04\/ozkrlr16-copy-768x512.jpg 768w, http:\/\/www.ozkaralar.com\/iplik\/wp-content\/uploads\/2017\/04\/ozkrlr16-copy-540x360.jpg 540w, http:\/\/www.ozkaralar.com\/iplik\/wp-content\/uploads\/2017\/04\/ozkrlr16-copy-360x240.jpg 360w, http:\/\/www.ozkaralar.com\/iplik\/wp-content\/uploads\/2017\/04\/ozkrlr16-copy-272x182.jpg 272w, http:\/\/www.ozkaralar.com\/iplik\/wp-content\/uploads\/2017\/04\/ozkrlr16-copy.jpg 1382w\" sizes=\"(max-width: 1024px) 100vw, 1024px\" \/><\/a>\n\t\t\t<\/div><\/figure><figure class='gallery-item'>\n\t\t\t<div class='gallery-icon landscape'>\n\t\t\t\t<a href='http:\/\/www.ozkaralar.com\/iplik\/wp-content\/uploads\/2017\/04\/ozkrlr100.jpg'><img width=\"1024\" height=\"683\" src=\"http:\/\/www.ozkaralar.com\/iplik\/wp-content\/uploads\/2017\/04\/ozkrlr100-1024x683.jpg\" class=\"attachment-large size-large\" alt=\"\" loading=\"lazy\" srcset=\"http:\/\/www.ozkaralar.com\/iplik\/wp-content\/uploads\/2017\/04\/ozkrlr100-1024x683.jpg 1024w, http:\/\/www.ozkaralar.com\/iplik\/wp-content\/uploads\/2017\/04\/ozkrlr100-300x200.jpg 300w, http:\/\/www.ozkaralar.com\/iplik\/wp-content\/uploads\/2017\/04\/ozkrlr100-768x512.jpg 768w, http:\/\/www.ozkaralar.com\/iplik\/wp-content\/uploads\/2017\/04\/ozkrlr100-540x360.jpg 540w, http:\/\/www.ozkaralar.com\/iplik\/wp-content\/uploads\/2017\/04\/ozkrlr100-360x240.jpg 360w, http:\/\/www.ozkaralar.com\/iplik\/wp-content\/uploads\/2017\/04\/ozkrlr100-272x182.jpg 272w, http:\/\/www.ozkaralar.com\/iplik\/wp-content\/uploads\/2017\/04\/ozkrlr100.jpg 1382w\" sizes=\"(max-width: 1024px) 100vw, 1024px\" \/><\/a>\n\t\t\t<\/div><\/figure><figure class='gallery-item'>\n\t\t\t<div class='gallery-icon portrait'>\n\t\t\t\t<a href='http:\/\/www.ozkaralar.com\/iplik\/wp-content\/uploads\/2017\/04\/ozkrlr151.jpg'><img width=\"683\" height=\"1024\" src=\"http:\/\/www.ozkaralar.com\/iplik\/wp-content\/uploads\/2017\/04\/ozkrlr151-683x1024.jpg\" class=\"attachment-large size-large\" alt=\"\" loading=\"lazy\" srcset=\"http:\/\/www.ozkaralar.com\/iplik\/wp-content\/uploads\/2017\/04\/ozkrlr151-683x1024.jpg 683w, http:\/\/www.ozkaralar.com\/iplik\/wp-content\/uploads\/2017\/04\/ozkrlr151-200x300.jpg 200w, http:\/\/www.ozkaralar.com\/iplik\/wp-content\/uploads\/2017\/04\/ozkrlr151-768x1151.jpg 768w, http:\/\/www.ozkaralar.com\/iplik\/wp-content\/uploads\/2017\/04\/ozkrlr151-360x540.jpg 360w, http:\/\/www.ozkaralar.com\/iplik\/wp-content\/uploads\/2017\/04\/ozkrlr151.jpg 922w\" sizes=\"(max-width: 683px) 100vw, 683px\" \/><\/a>\n\t\t\t<\/div><\/figure><figure class='gallery-item'>\n\t\t\t<div class='gallery-icon portrait'>\n\t\t\t\t<a href='http:\/\/www.ozkaralar.com\/iplik\/wp-content\/uploads\/2017\/04\/ozkrlr266.jpg'><img width=\"683\" height=\"1024\" src=\"http:\/\/www.ozkaralar.com\/iplik\/wp-content\/uploads\/2017\/04\/ozkrlr266-683x1024.jpg\" class=\"attachment-large size-large\" alt=\"\" loading=\"lazy\" srcset=\"http:\/\/www.ozkaralar.com\/iplik\/wp-content\/uploads\/2017\/04\/ozkrlr266-683x1024.jpg 683w, http:\/\/www.ozkaralar.com\/iplik\/wp-content\/uploads\/2017\/04\/ozkrlr266-200x300.jpg 200w, http:\/\/www.ozkaralar.com\/iplik\/wp-content\/uploads\/2017\/04\/ozkrlr266-768x1151.jpg 768w, http:\/\/www.ozkaralar.com\/iplik\/wp-content\/uploads\/2017\/04\/ozkrlr266-360x540.jpg 360w, http:\/\/www.ozkaralar.com\/iplik\/wp-content\/uploads\/2017\/04\/ozkrlr266.jpg 922w\" sizes=\"(max-width: 683px) 100vw, 683px\" \/><\/a>\n\t\t\t<\/div><\/figure><figure class='gallery-item'>\n\t\t\t<div class='gallery-icon landscape'>\n\t\t\t\t<a href='http:\/\/www.ozkaralar.com\/iplik\/wp-content\/uploads\/2017\/04\/ozkrlr150.jpg'><img width=\"1024\" height=\"683\" src=\"http:\/\/www.ozkaralar.com\/iplik\/wp-content\/uploads\/2017\/04\/ozkrlr150-1024x683.jpg\" class=\"attachment-large size-large\" alt=\"\" loading=\"lazy\" srcset=\"http:\/\/www.ozkaralar.com\/iplik\/wp-content\/uploads\/2017\/04\/ozkrlr150-1024x683.jpg 1024w, http:\/\/www.ozkaralar.com\/iplik\/wp-content\/uploads\/2017\/04\/ozkrlr150-300x200.jpg 300w, http:\/\/www.ozkaralar.com\/iplik\/wp-content\/uploads\/2017\/04\/ozkrlr150-768x512.jpg 768w, http:\/\/www.ozkaralar.com\/iplik\/wp-content\/uploads\/2017\/04\/ozkrlr150-540x360.jpg 540w, http:\/\/www.ozkaralar.com\/iplik\/wp-content\/uploads\/2017\/04\/ozkrlr150-360x240.jpg 360w, http:\/\/www.ozkaralar.com\/iplik\/wp-content\/uploads\/2017\/04\/ozkrlr150-272x182.jpg 272w, http:\/\/www.ozkaralar.com\/iplik\/wp-content\/uploads\/2017\/04\/ozkrlr150.jpg 1300w\" sizes=\"(max-width: 1024px) 100vw, 1024px\" \/><\/a>\n\t\t\t<\/div><\/figure><figure class='gallery-item'>\n\t\t\t<div class='gallery-icon landscape'>\n\t\t\t\t<a href='http:\/\/www.ozkaralar.com\/iplik\/wp-content\/uploads\/2017\/04\/ozkrlr268.jpg'><img width=\"935\" height=\"778\" src=\"http:\/\/www.ozkaralar.com\/iplik\/wp-content\/uploads\/2017\/04\/ozkrlr268.jpg\" class=\"attachment-large size-large\" alt=\"\" loading=\"lazy\" srcset=\"http:\/\/www.ozkaralar.com\/iplik\/wp-content\/uploads\/2017\/04\/ozkrlr268.jpg 935w, http:\/\/www.ozkaralar.com\/iplik\/wp-content\/uploads\/2017\/04\/ozkrlr268-300x250.jpg 300w, http:\/\/www.ozkaralar.com\/iplik\/wp-content\/uploads\/2017\/04\/ozkrlr268-768x639.jpg 768w, http:\/\/www.ozkaralar.com\/iplik\/wp-content\/uploads\/2017\/04\/ozkrlr268-540x449.jpg 540w\" sizes=\"(max-width: 935px) 100vw, 935px\" \/><\/a>\n\t\t\t<\/div><\/figure>\n\t\t<\/div>\n\n<\/div>\n<\/div><\/div><\/div><\/div><\/div>","protected":false},"excerpt":{"rendered":"<p>Mono Color Frize YarnMono Color Heatset YarnTricolor CPC Frize YarnTricolor CPC Heatset YarnTricolor Frize YarnTricolor Heatset Yarn\u00a0\u00a0\u0130PL\u0130K KALINLI\u011eI\u00a0900-6000 DTEX\u00a0FLAMENT SAYISI\u00a090-460 Aras\u0131\u00a0B\u00dcK\u00dcM SAYISI\u00a060-300\u00a0B\u00dcK\u00dcM Y\u00d6N\u00dc\u00a0S\/Z<\/p>\n","protected":false},"author":1,"featured_media":955,"parent":0,"menu_order":0,"comment_status":"closed","ping_status":"closed","template":"","meta":[],"acf":[],"yoast_head":"<!-- This site is optimized with the Yoast SEO plugin v15.2 - https:\/\/yoast.com\/wordpress\/plugins\/seo\/ -->\n<title>\u00dcr\u00fcnler - \u00d6zkaralar \u0130plik<\/title>\n<meta name=\"robots\" content=\"index, follow, max-snippet:-1, max-image-preview:large, max-video-preview:-1\" \/>\n<link rel=\"canonical\" href=\"http:\/\/www.ozkaralar.com\/iplik\/urunlerimiz\/\" \/>\n<meta property=\"og:locale\" content=\"tr_TR\" \/>\n<meta property=\"og:type\" content=\"article\" \/>\n<meta property=\"og:title\" content=\"[:tr]\u00dcr\u00fcnler[:en]Products[:] - \u00d6zkaralar \u0130plik\" \/>\n<meta property=\"og:description\" content=\"Mono Color Frize YarnMono Color Heatset YarnTricolor CPC Frize YarnTricolor CPC Heatset YarnTricolor Frize YarnTricolor Heatset Yarn\u00a0\u00a0\u0130PL\u0130K KALINLI\u011eI\u00a0900-6000 DTEX\u00a0FLAMENT SAYISI\u00a090-460 Aras\u0131\u00a0B\u00dcK\u00dcM SAYISI\u00a060-300\u00a0B\u00dcK\u00dcM Y\u00d6N\u00dc\u00a0S\/Z\" \/>\n<meta property=\"og:url\" content=\"http:\/\/www.ozkaralar.com\/iplik\/urunlerimiz\/\" \/>\n<meta property=\"og:site_name\" content=\"\u00d6zkaralar \u0130plik\" \/>\n<meta property=\"article:modified_time\" content=\"2017-05-23T16:12:52+00:00\" \/>\n<meta property=\"og:image\" content=\"http:\/\/www.ozkaralar.com\/iplik\/wp-content\/uploads\/2015\/10\/kurumsal1.jpg\" \/>\n\t<meta property=\"og:image:width\" content=\"840\" \/>\n\t<meta property=\"og:image:height\" content=\"420\" \/>\n<meta name=\"twitter:card\" content=\"summary\" \/>\n<meta name=\"twitter:label1\" value=\"Written by\">\n\t<meta name=\"twitter:data1\" value=\"admin\">\n\t<meta name=\"twitter:label2\" value=\"Est. reading time\">\n\t<meta name=\"twitter:data2\" value=\"0 dakika\">\n<script type=\"application\/ld+json\" class=\"yoast-schema-graph\">{\"@context\":\"https:\/\/schema.org\",\"@graph\":[{\"@type\":\"Organization\",\"@id\":\"http:\/\/www.ozkaralar.com\/iplik\/#organization\",\"name\":\"\\u00d6zkaralar \\u0130plik\",\"url\":\"http:\/\/www.ozkaralar.com\/iplik\/\",\"sameAs\":[],\"logo\":{\"@type\":\"ImageObject\",\"@id\":\"http:\/\/www.ozkaralar.com\/iplik\/#logo\",\"inLanguage\":\"tr\",\"url\":\"http:\/\/www.ozkaralar.com\/iplik\/wp-content\/uploads\/2017\/04\/ozkaralar-iplik-logo-tr-2.png\",\"width\":283,\"height\":79,\"caption\":\"\\u00d6zkaralar \\u0130plik\"},\"image\":{\"@id\":\"http:\/\/www.ozkaralar.com\/iplik\/#logo\"}},{\"@type\":\"WebSite\",\"@id\":\"http:\/\/www.ozkaralar.com\/iplik\/#website\",\"url\":\"http:\/\/www.ozkaralar.com\/iplik\/\",\"name\":\"\\u00d6zkaralar \\u0130plik\",\"description\":\"B\\u00fct\\u00fcn\\u00fcyle Do\\u011fan\\u0131n T\\u00fcm Renkleri\",\"publisher\":{\"@id\":\"http:\/\/www.ozkaralar.com\/iplik\/#organization\"},\"potentialAction\":[{\"@type\":\"SearchAction\",\"target\":\"http:\/\/www.ozkaralar.com\/iplik\/?s={search_term_string}\",\"query-input\":\"required name=search_term_string\"}],\"inLanguage\":\"tr\"},{\"@type\":\"ImageObject\",\"@id\":\"http:\/\/www.ozkaralar.com\/iplik\/urunlerimiz\/#primaryimage\",\"inLanguage\":\"tr\",\"url\":\"http:\/\/www.ozkaralar.com\/iplik\/wp-content\/uploads\/2015\/10\/kurumsal1.jpg\",\"width\":840,\"height\":420},{\"@type\":\"WebPage\",\"@id\":\"http:\/\/www.ozkaralar.com\/iplik\/urunlerimiz\/#webpage\",\"url\":\"http:\/\/www.ozkaralar.com\/iplik\/urunlerimiz\/\",\"name\":\"[:tr]\\u00dcr\\u00fcnler[:en]Products[:] - \\u00d6zkaralar \\u0130plik\",\"isPartOf\":{\"@id\":\"http:\/\/www.ozkaralar.com\/iplik\/#website\"},\"primaryImageOfPage\":{\"@id\":\"http:\/\/www.ozkaralar.com\/iplik\/urunlerimiz\/#primaryimage\"},\"datePublished\":\"2017-04-17T07:45:39+00:00\",\"dateModified\":\"2017-05-23T16:12:52+00:00\",\"inLanguage\":\"tr\",\"potentialAction\":[{\"@type\":\"ReadAction\",\"target\":[\"http:\/\/www.ozkaralar.com\/iplik\/urunlerimiz\/\"]}]}]}<\/script>\n<!-- \/ Yoast SEO plugin. -->","_links":{"self":[{"href":"http:\/\/www.ozkaralar.com\/iplik\/wp-json\/wp\/v2\/pages\/1124"}],"collection":[{"href":"http:\/\/www.ozkaralar.com\/iplik\/wp-json\/wp\/v2\/pages"}],"about":[{"href":"http:\/\/www.ozkaralar.com\/iplik\/wp-json\/wp\/v2\/types\/page"}],"author":[{"embeddable":true,"href":"http:\/\/www.ozkaralar.com\/iplik\/wp-json\/wp\/v2\/users\/1"}],"replies":[{"embeddable":true,"href":"http:\/\/www.ozkaralar.com\/iplik\/wp-json\/wp\/v2\/comments?post=1124"}],"version-history":[{"count":6,"href":"http:\/\/www.ozkaralar.com\/iplik\/wp-json\/wp\/v2\/pages\/1124\/revisions"}],"predecessor-version":[{"id":1251,"href":"http:\/\/www.ozkaralar.com\/iplik\/wp-json\/wp\/v2\/pages\/1124\/revisions\/1251"}],"wp:featuredmedia":[{"embeddable":true,"href":"http:\/\/www.ozkaralar.com\/iplik\/wp-json\/wp\/v2\/media\/955"}],"wp:attachment":[{"href":"http:\/\/www.ozkaralar.com\/iplik\/wp-json\/wp\/v2\/media?parent=1124"}],"curies":[{"name":"wp","href":"https:\/\/api.w.org\/{rel}","templated":true}]}}